- 8 = 2*a. Suppose -69 + 301 = z*g. Suppose 0 = -2*l + g + 4. Is l a composite number?
False
Suppose -4*j + 0 - 2 = -y, 2*j = 0. Suppose -2*q = 4*p - 634, 4*q = y*p + 2*q - 320. Is p a composite number?
True
Let t = 30 + -16. Suppose a + 2 = -2*u + t, 3*u = -5*a + 11. Is u a composite number?
False
Let b(t) = -t**3 - 3*t**2 + 3*t + 7. Is b(-6) prime?
True
Suppose 2*o - 65 = 437. Is o a prime number?
True
Let s(f) = f**3 - 6*f**2 - f - 3. Let p be s(7). Suppose -2*u + p = u. Is u a composite number?
False
Let s = 1228 - 719. Is s prime?
True
Suppose 19183 = 7*z + 1592. Is z prime?
False
Let s(i) = 266*i - 1. Is s(3) prime?
True
Suppose -3*g = 2*g - 20. Let f be (-4)/g - -1*1. Is (f - -49) + 2 + 2 a prime number?
True
Let d(g) = 3*g**2 - 2. Let p be 2/(-9) - 8/(-36). Let z be (-4)/8*(-4 + p). Is d(z) composite?
True
Suppose 4*b - 3*m + 548 - 155 = 0, -87 = b - 3*m. Is 3 + -1 - b/2 a prime number?
True
Let k be 21/14 - 13/2. Let b(h) = -h**3 + 2*h**2 - 7*h + 1. Is b(k) composite?
False
Let b(v) = -v. Let i be b(-2). Suppose -109 = l - i*l. Is l a composite number?
False
Is (-1032)/(-3) - (-4 - -1) prime?
True
Suppose -3*j + 10326 = 3*j. Is j a composite number?
False
Let x be 322/9 - 6/(-27). Suppose 2*h = -h + x. Is (-10)/((h/15)/(-2)) prime?
False
Let q(c) = -3*c + 6. Is q(-9) prime?
False
Let v(g) = g**3 - 10*g**2 + 8*g + 9. Let a be v(9). Suppose -185 = -a*d - d. Suppose 0 = -q + 6*q - d. Is q a prime number?
True
Suppose -8*n + 4*n = -m + 3739, -5*m - 2*n + 18739 = 0. Is m composite?
True
Suppose -7*g - 19 = -8*g. Is g a composite number?
False
Let b = 11 + -11. Suppose 3*g - 82 - 251 = b. Suppose 2*q = -q + g. Is q a composite number?
False
Suppose 0 = -5*w, -l + 0 + 2 = 3*w. Let d(f) = -f**2 + 8*f. Let j be d(8). Suppose j*n = -l*n + 314. Is n composite?
False
Suppose -2*j - 2*j + 12 = 0. Suppose -6 = j*v - 0. Is (-1 - v)/((-4)/(-508)) a prime number?
True
Let z(q) = -q - 1. Is z(-11) a composite number?
True
Suppose -c = -12 + 8. Let l(p) = 3*p**2 - 1. Is l(c) a prime number?
True
Let o be ((-66)/9)/(4/(-18)). Let z = 55 - o. Suppose 0 = -h + 87 - z. Is h a prime number?
False
Let c(h) = -1 + 0*h**2 - 4*h**2 + h**2. Let o be c(-3). Let u = 39 + o. Is u composite?
False
Let q = 418 - 3504. Is (-2)/12 - q/12 a prime number?
True
Suppose 8*y - 786 = 2*y. Is y prime?
True
Let m be -2*(25/(-2) + -1). Is 561/m - 6/(-27) prime?
False
Suppose -u - 2*h = -5*u, h = -u. Suppose 2*f + 0*s - 89 = s, u = -5*s - 15. Is f a prime number?
True
Let c(s) = 42*s**3 + s**2 - 3*s + 3. Let b = 19 + -17. Is c(b) composite?
False
Suppose 0 = 2*n - 571 + 149. Is n prime?
True
Suppose 3*o - 6 = -0. Suppose r + o = 5. Suppose 3*k = a - 68, -r*a - 3*k + 190 = 2*k. Is a a composite number?
True
Is (-326)/(-2) - (9 - 7) a composite number?
True
Suppose 0 = 2*n + 3*n. Suppose 2*o + 3*i - 805 = n, -5*i + 2000 = 2*o + 3*o. Is o a composite number?
True
Is ((-2)/(-6))/(((-1)/(-1257))/1) a composite number?
False
Let k = 5 + -3. Suppose k*n - 4 = 4. Suppose -6*r + 206 = -n*r. Is r composite?
False
Let c(f) = -f**3 - 4*f**2 - f + 7. Is c(-5) a prime number?
True
Let o be 2*(1 + 1)/2. Suppose -10 = 4*j - 2*j, o*s + 4*j = 86. Is s a prime number?
True
Suppose 654 = 3*f - 5*n, 0 = -2*f - 2*n + n + 449. Is f a composite number?
False
Suppose -3*x = -5*x + 40. Suppose -5*w - 4 = -g - 0*w, x = 5*g + 2*w. Suppose g*t = -n - 5, -4*n - 6*t + 13 = -t. Is n prime?
True
Suppose 8 = -6*c + 2*c. Let v(o) be the third derivative of 2*o**5/15 + o**4/6 + o**3/3 + 4*o**2. Is v(c) a composite number?
True
Let v be (-2471)/(-28) - 2/8. Let l = v - 63. Is l a composite number?
True
Let a = 3096 - 1583. Is a a prime number?
False
Let h = -7 - -64. Suppose -3*v + 444 - h = 0. Suppose 3*i - 4*o - 159 = -2*i, -v = -4*i + 5*o. Is i a prime number?
True
Let w = 440 - 147. Is w composite?
False
Let x = -28 - -228. Suppose 0*d - 3*d - x = -2*b, 3*d + 6 = 0. Is b a composite number?
False
Suppose 10*n - 13*n = -4*k - 12583, -12623 = -3*n - 4*k. Is n prime?
True
Suppose 4*f - 1 = 3*h + 10, 2*f = 4. Let k(j) = 7*j**2. Is k(h) prime?
True
Suppose 9*i = 4*i + 25. Suppose 0 = 9*z - i*z - 308. Is z a prime number?
False
Is 94/(-5)*15/(-6) prime?
True
Let w = 303 + -144. Is w a composite number?
True
Let y(t) = 146*t + 31. Is y(6) prime?
True
Suppose 0*w - 4 = -w. Suppose 3*l - i - 42 = 0, -l = w*l - 2*i - 71. Suppose -4*b + l = -71. Is b a prime number?
False
Let r(c) = 51*c**2 + c + 39. Is r(7) a prime number?
False
Is (-3 + 7)*(-158)/(-8) a prime number?
True
Suppose -a = -38 + 12. Is a a composite number?
True
Let u(y) = -9*y**3 + y**2 + 8*y - 3. Is u(-4) prime?
True
Let c = -8 - -12. Suppose 2*j - 4*u = -3*u + 21, 0 = j - c*u - 14. Is j composite?
True
Let k(a) = -a**2 + 7*a + 11. Let c be k(8). Suppose -h - 6 = -c*o, o - 4*h = 3*o - 4. Is 250*o/4 - -2 a prime number?
True
Let p = -5 + 8. Suppose p*h = 5*h - 110. Suppose -4*s = -0*v - 4*v - 44, 0 = 5*s + 2*v - h. Is s a composite number?
False
Let i(n) be the second derivative of n**4/12 + n**3/6 - n**2/2 - 7*n. Is i(9) a composite number?
False
Suppose z + a = 40, 0*z + 4*a = 3*z - 99. Is z a prime number?
True
Suppose 5*i - 7024 = i. Suppose -h + 5*h + i = 0. Let m = -216 - h. Is m a composite number?
False
Let s(u) = -u**3 - u**2 + 37. Suppose 0 = -2*f - 2*f. Is s(f) a composite number?
False
Let j(d) = 3*d - 11. Let w be (6 - 4)/((-1)/(-1)). Suppose 35 = 5*k - k + v, -w*v = -6. Is j(k) prime?
True
Suppose 0*c - c = -3, -3*k = c - 21. Let t = k - -29. Is t a composite number?
True
Let n(z) = -103*z + 40. Is n(-21) prime?
True
Let y(l) = l + 17. Let c be y(-8). Let w = c + 26. Is w a prime number?
False
Let j(t) = 72*t**2 - 5*t - 13. Is j(-6) a prime number?
True
Suppose k - 3*a - 228 = 2365, 4*a = -3*k + 7831. Is k a composite number?
True
Suppose 160 = v - 105. Is v a prime number?
False
Suppose 2*l - 1064 = -k, -3*l + 326 = -2*k - 1277. Is l prime?
False
Let c = 1185 + 214. Is c a composite number?
False
Is (-2)/(-3) + 183589/(-63)*-3 composite?
True
Let p = 20 + -16. Suppose 0 = -p*z + 3*z + 37. Is z composite?
False
Suppose 485 = 3*z + 86. Suppose -5*a = -z - 472. Is a a prime number?
False
Let c(d) = -d**3 + 3*d**2 + d - 1. Let h be c(3). Suppose h*v + 2*v = 212. Is v a composite number?
False
Suppose 3*n - 4*o - 4585 = 0, -4*o - 7655 = -0*n - 5*n. Suppose 2*d = 7*d - n. Is d a prime number?
True
Let f = 7 + -4. Suppose l - f*o = 71, l - 4*l - 4*o = -187. Is l prime?
False
Suppose g - 14 + 5 = 4*p, 1 = g. Let u = 27 + p. Is u a prime number?
False
Let h(p) = -2 + 5 + 4 + 42*p. Is h(6) a prime number?
False
Let g = 7 - 9. Is ((-5)/g)/((-1)/(-22)) a prime number?
False
Suppose -5*b - 2*s + 1257 = 0, b - 5*s = 2*b - 256. Is b prime?
True
Let d = -7 + 4. Let i(u) be the second derivative of u**4/4 - 2*u**3/3 - u**2 - 3*u. Is i(d) a composite number?
False
Suppose -5*w + 37 = 252. Let k = w + 74. Is k a composite number?
False
Is 333 - 2 - (-4)/1 composite?
True
Let d(n) be the first derivative of n**3 + 4*n**2 - 2*n - 26. Suppose 0 = -l - 3 - 4. Is d(l) a composite number?
False
Let y = 10 - 13. Is 14 + 2 + y/1 a composite number?
False
Let n(o) be the second derivative of o**6/80 - o**5/60 - o**4/6 - 3*o. Let j(p) be the third derivative of n(p). Is j(3) composite?
True
Suppose 0 = 3*t - 2*c + 213, 0*t + 142 = -2*t - 3*c. Let z = -120 + 228. Let k = t + z. Is k prime?
True
Suppose 5*j = -4*m + 843, -4*j - 5*m - 157 = -5*j. Is j a prime number?
True
Let t = 26 - 3. Let y = 2 - t. Is 2/4*0 - y a prime number?
False
Let f(a) = -2*a - 6. Let t be f(-4). Let p be t/(-1*(-6)/99). Suppose 24 = 3*l - p. Is l prime?
True
Let d(a) = 171*a**3 + 2*a**2 + a - 1. Let n(m) = -m**3 - m**2 - m + 1. Let u(b) = d(b) + 2*n(b). Is u(1) a prime number?
False
Let s = -19 + 106. Is s composite?
True
Is (-1688)/(-20)*90/12 a composite number?
True
Let o(c) = c**2 - 4*c - 7. Suppose -2*m + 9 = -1. Let x be o(m). Let y(q) = -3*q**3 + 4*q**2 + 3*q + 1. Is y(x) composite?
True
Let v(k) = k - 2. Let f be v(2). Suppose f = -2*o - o + 267. Is o a prime number?
True
Let s(j) = -j**3 + 6*j**2 + 7*j + 2. Let z be s(7). Suppose z*c + 0*c = 106. Is c a prime number?
True
Let m be ((-12)/9)/(4/(-114)). Let a(o) = o**2 + 9*o. Let w be a(-4). Let r = m - w. Is r a composite number?
Tru